{"id":3268,"date":"2025-08-09T07:46:43","date_gmt":"2025-08-09T07:46:43","guid":{"rendered":"https:\/\/dev.mbhi.com.br\/angelica\/?page_id=3268"},"modified":"2026-02-10T04:21:58","modified_gmt":"2026-02-10T04:21:58","slug":"clinica","status":"publish","type":"page","link":"https:\/\/dev.mbhi.com.br\/angelica\/clinica\/","title":{"rendered":"Cl\u00ednica"},"content":{"rendered":"\t\t<div data-elementor-type=\"wp-page\" data-elementor-id=\"3268\" class=\"elementor elementor-3268\" data-elementor-post-type=\"page\">\n\t\t\t\t<div class=\"elementor-element elementor-element-ad00743 e-flex e-con-boxed e-con e-parent\" data-id=\"ad00743\" data-element_type=\"container\" data-e-type=\"container\" id=\"apply-sec-hero\" data-settings=\"{&quot;background_background&quot;:&quot;classic&quot;}\">\n\t\t\t\t\t<div class=\"e-con-inner\">\n\t\t<div class=\"elementor-element elementor-element-7d6f5c2e e-con-full e-flex e-con e-child\" data-id=\"7d6f5c2e\" data-element_type=\"container\" data-e-type=\"container\">\n\t\t\t\t<div class=\"elementor-element elementor-element-289e0d6 elementor-widget__width-inherit elementor-widget elementor-widget-heading\" data-id=\"289e0d6\" data-element_type=\"widget\" data-e-type=\"widget\" data-settings=\"{&quot;ekit_we_effect_on&quot;:&quot;none&quot;}\" data-widget_type=\"heading.default\">\n\t\t\t\t\t<h2 class=\"elementor-heading-title elementor-size-default\">A cl\u00ednica<\/h2>\t\t\t\t<\/div>\n\t\t\t\t<div class=\"elementor-element elementor-element-4409b9fe elementor-widget__width-inherit elementor-widget elementor-widget-text-editor\" data-id=\"4409b9fe\" data-element_type=\"widget\" data-e-type=\"widget\" data-settings=\"{&quot;ekit_we_effect_on&quot;:&quot;none&quot;}\" data-widget_type=\"text-editor.default\">\n\t\t\t\t\t\t\t\t\t<p>Transformamos sonhos em realidade<\/p>\t\t\t\t\t\t\t\t<\/div>\n\t\t\t\t<\/div>\n\t\t\t\t\t<\/div>\n\t\t\t\t<\/div>\n\t\t<div class=\"elementor-element elementor-element-62f4910 e-flex e-con-boxed e-con e-parent\" data-id=\"62f4910\" data-element_type=\"container\" data-e-type=\"container\" id=\"apply-sec-features\" data-settings=\"{&quot;background_background&quot;:&quot;classic&quot;,&quot;shape_divider_bottom&quot;:&quot;mountains&quot;}\">\n\t\t\t\t\t<div class=\"e-con-inner\">\n\t\t\t\t<div class=\"elementor-shape elementor-shape-bottom\" aria-hidden=\"true\" data-negative=\"false\">\n\t\t\t<svg xmlns=\"http:\/\/www.w3.org\/2000\/svg\" viewBox=\"0 0 1000 100\" preserveAspectRatio=\"none\">\n\t<path class=\"elementor-shape-fill\" opacity=\"0.33\" d=\"M473,67.3c-203.9,88.3-263.1-34-320.3,0C66,119.1,0,59.7,0,59.7V0h1000v59.7 c0,0-62.1,26.1-94.9,29.3c-32.8,3.3-62.8-12.3-75.8-22.1C806,49.6,745.3,8.7,694.9,4.7S492.4,59,473,67.3z\"\/>\n\t<path class=\"elementor-shape-fill\" opacity=\"0.66\" d=\"M734,67.3c-45.5,0-77.2-23.2-129.1-39.1c-28.6-8.7-150.3-10.1-254,39.1 s-91.7-34.4-149.2,0C115.7,118.3,0,39.8,0,39.8V0h1000v36.5c0,0-28.2-18.5-92.1-18.5C810.2,18.1,775.7,67.3,734,67.3z\"\/>\n\t<path class=\"elementor-shape-fill\" d=\"M766.1,28.9c-200-57.5-266,65.5-395.1,19.5C242,1.8,242,5.4,184.8,20.6C128,35.8,132.3,44.9,89.9,52.5C28.6,63.7,0,0,0,0 h1000c0,0-9.9,40.9-83.6,48.1S829.6,47,766.1,28.9z\"\/>\n<\/svg>\t\t<\/div>\n\t\t<div class=\"elementor-element elementor-element-2fe22280 e-flex e-con-boxed e-con e-child\" data-id=\"2fe22280\" data-element_type=\"container\" data-e-type=\"container\">\n\t\t\t\t\t<div class=\"e-con-inner\">\n\t\t\t\t<div class=\"elementor-element elementor-element-3bda2074 elementor-widget-mobile__width-inherit elementor-widget__width-inherit elementor-widget elementor-widget-heading\" data-id=\"3bda2074\" data-element_type=\"widget\" data-e-type=\"widget\" data-settings=\"{&quot;ekit_we_effect_on&quot;:&quot;none&quot;}\" data-widget_type=\"heading.default\">\n\t\t\t\t\t<h2 class=\"elementor-heading-title elementor-size-default\">Sobre a cl\u00ednica<\/h2>\t\t\t\t<\/div>\n\t\t\t\t<div class=\"elementor-element elementor-element-3f26cd79 elementor-widget__width-inherit elementor-widget-mobile__width-inherit elementor-widget elementor-widget-text-editor\" data-id=\"3f26cd79\" data-element_type=\"widget\" data-e-type=\"widget\" data-settings=\"{&quot;ekit_we_effect_on&quot;:&quot;none&quot;}\" data-widget_type=\"text-editor.default\">\n\t\t\t\t\t\t\t\t\t<p>Na Cl\u00ednica Dra. Ang\u00e9lica Gravino transformamos sonhos em realidade com um olhar humano e especializado. Somos um espa\u00e7o dedicado \u00e0 arte da cirurgia pl\u00e1stica, onde a beleza encontra a sa\u00fade em um ambiente acolhedor e sofisticado.<\/p><p>Fazemos quest\u00e3o de transformar a jornada da realiza\u00e7\u00e3o doo seu sonho em uma experi\u00eancia de cuidado completo e personalizado, guiada por uma equipe multidisciplinar que alia o acolhimento mais customizado com tecnologias de ponta para que o resultado da sua cirurgia seja o mais refinado e para que voc\u00ea sinta o cuidado do pr\u00e9 ao p\u00f3s-operat\u00f3rio.<\/p><p>Desde a primeira consulta, voc\u00ea ser\u00e1 acompanhado por profissionais que entendem suas expectativas e trabalham para super\u00e1-las com seguran\u00e7a e naturalidade. Cada detalhe \u00e9 pensado para que sua experi\u00eancia seja \u00fanica \u2013 desde a eleg\u00e2ncia do ambiente at\u00e9 a excel\u00eancia t\u00e9cnica de nossos procedimentos. Aqui, voc\u00ea n\u00e3o encontra apenas um servi\u00e7o, mas um verdadeiro cuidado com sua autoestima e bem-estar.<\/p><p>Nossa equipe est\u00e1 pronta para te receber da maneira que voc\u00ea merece, de forma humanizada e com tudo o que voc\u00ea precisa para otimizar o seu tempo e o seu atendimento.<\/p>\t\t\t\t\t\t\t\t<\/div>\n\t\t\t\t<div class=\"elementor-element elementor-element-35a8a1ea ekit-image-accordion-hover elementor-widget__width-inherit elementor-widget elementor-widget-elementskit-image-accordion\" data-id=\"35a8a1ea\" data-element_type=\"widget\" data-e-type=\"widget\" data-settings=\"{&quot;ekit_we_effect_on&quot;:&quot;none&quot;}\" data-widget_type=\"elementskit-image-accordion.default\">\n\t\t\t\t<div class=\"elementor-widget-container\">\n\t\t\t\t\t<div class=\"ekit-wid-con\" >\t\t<div class=\"ekit-image-accordion elementskit-image-accordion-wraper\">\n\t\t\t                <input type=\"radio\" name=\"ekit_ia_35a8a1ea\" id=\"ekit_ia_35a8a1ea_0\" class=\"elementskit-single-image-accordion--input\" hidden>\n                <label for=\"ekit_ia_35a8a1ea_0\" class=\"elementskit-single-image-accordion ekit-image-accordion-item\" style=\"background-image: url(https:\/\/dev.mbhi.com.br\/angelica\/wp-content\/uploads\/2025\/08\/ambiente4.webp)\" data-link=\"{&quot;url&quot;:&quot;&quot;,&quot;is_external&quot;:&quot;&quot;,&quot;nofollow&quot;:&quot;&quot;,&quot;custom_attributes&quot;:&quot;&quot;}\" data-behavior=\"hover\" data-active=\"\">\n                    <span class=\"elementskit-accordion-content\">\n\t\t\t\t\t\t\t\t\t\t\t\t\t<span class=\"elementskit-icon-wraper ekit-image-accordion-actions\">\n\t\t\t\t\t\t\t\t\t\t\t\t\t\t\t\t<a data-elementor-open-lightbox=\"yes\" data-elementor-lightbox-slideshow=\"35a8a1ea\" data-elementor-lightbox-title=\"Cl\u00ednica Dra. Ang\u00e9lica Gravino\" data-e-action-hash=\"#elementor-action%3Aaction%3Dlightbox%26settings%3DeyJpZCI6MzI3OSwidXJsIjoiaHR0cHM6XC9cL2Rldi5tYmhpLmNvbS5iclwvYW5nZWxpY2FcL3dwLWNvbnRlbnRcL3VwbG9hZHNcLzIwMjVcLzA4XC9hbWJpZW50ZTQud2VicCIsInNsaWRlc2hvdyI6IjM1YThhMWVhIn0%3D\" href=\"https:\/\/dev.mbhi.com.br\/angelica\/wp-content\/uploads\/2025\/08\/ambiente4.webp\" aria-label=\"pupup-button\" class=\"icon-outline circle\">\n\t\t\t\t\t\t\t\t\t<i aria-hidden=\"true\" class=\"icon icon-plus\"><\/i>\t\t\t\t\t\t\t\t\t<\/a>\n\t\t\t\t\t\t\t\t\t\t\t\t\t\t\t\t\t\t\t\t\t<\/span>\n\t\t\t\t\t\t\t\t\t\t\t\t\t\t<span class=\"elementskit-accordion-title-wraper\">\n\t\t\t\t\t\t\t\t<span class=\"elementskit-accordion-title \">\n\t\t\t\t\t\t\t\t\n\t\t\t\t\t\t\t\t\n\t\t\t\t\t\t\t\t\t\t\t\t\t\t\t\t<\/span>\n\t\t\t\t\t\t\t<\/span>\n\t\t\t\t\t\t\t                    <\/span>\n                <\/label>\n                            <input type=\"radio\" name=\"ekit_ia_35a8a1ea\" id=\"ekit_ia_35a8a1ea_1\" class=\"elementskit-single-image-accordion--input\" hidden>\n                <label for=\"ekit_ia_35a8a1ea_1\" class=\"elementskit-single-image-accordion ekit-image-accordion-item\" style=\"background-image: url(https:\/\/dev.mbhi.com.br\/angelica\/wp-content\/uploads\/2025\/08\/ambiente2.webp)\" data-link=\"{&quot;url&quot;:&quot;&quot;,&quot;is_external&quot;:&quot;&quot;,&quot;nofollow&quot;:&quot;&quot;,&quot;custom_attributes&quot;:&quot;&quot;}\" data-behavior=\"hover\" data-active=\"\">\n                    <span class=\"elementskit-accordion-content\">\n\t\t\t\t\t\t\t\t\t\t\t\t\t<span class=\"elementskit-icon-wraper ekit-image-accordion-actions\">\n\t\t\t\t\t\t\t\t\t\t\t\t\t\t\t\t<a data-elementor-open-lightbox=\"yes\" data-elementor-lightbox-slideshow=\"35a8a1ea\" data-elementor-lightbox-title=\"Cl\u00ednica Dra. Ang\u00e9lica Gravino\" data-e-action-hash=\"#elementor-action%3Aaction%3Dlightbox%26settings%3DeyJpZCI6MzI4MCwidXJsIjoiaHR0cHM6XC9cL2Rldi5tYmhpLmNvbS5iclwvYW5nZWxpY2FcL3dwLWNvbnRlbnRcL3VwbG9hZHNcLzIwMjVcLzA4XC9hbWJpZW50ZTIud2VicCIsInNsaWRlc2hvdyI6IjM1YThhMWVhIn0%3D\" href=\"https:\/\/dev.mbhi.com.br\/angelica\/wp-content\/uploads\/2025\/08\/ambiente2.webp\" aria-label=\"pupup-button\" class=\"icon-outline circle\">\n\t\t\t\t\t\t\t\t\t<i aria-hidden=\"true\" class=\"icon icon-plus\"><\/i>\t\t\t\t\t\t\t\t\t<\/a>\n\t\t\t\t\t\t\t\t\t\t\t\t\t\t\t\t\t\t\t\t\t<\/span>\n\t\t\t\t\t\t\t\t\t\t\t\t\t\t<span class=\"elementskit-accordion-title-wraper\">\n\t\t\t\t\t\t\t\t<span class=\"elementskit-accordion-title \">\n\t\t\t\t\t\t\t\t\n\t\t\t\t\t\t\t\t\n\t\t\t\t\t\t\t\t\t\t\t\t\t\t\t\t<\/span>\n\t\t\t\t\t\t\t<\/span>\n\t\t\t\t\t\t\t                    <\/span>\n                <\/label>\n                            <input type=\"radio\" name=\"ekit_ia_35a8a1ea\" id=\"ekit_ia_35a8a1ea_2\" class=\"elementskit-single-image-accordion--input\" hidden>\n                <label for=\"ekit_ia_35a8a1ea_2\" class=\"elementskit-single-image-accordion ekit-image-accordion-item\" style=\"background-image: url(https:\/\/dev.mbhi.com.br\/angelica\/wp-content\/uploads\/2025\/08\/ambiente3.webp)\" data-link=\"{&quot;url&quot;:&quot;&quot;,&quot;is_external&quot;:&quot;&quot;,&quot;nofollow&quot;:&quot;&quot;,&quot;custom_attributes&quot;:&quot;&quot;}\" data-behavior=\"hover\" data-active=\"\">\n                    <span class=\"elementskit-accordion-content\">\n\t\t\t\t\t\t\t\t\t\t\t\t\t<span class=\"elementskit-icon-wraper ekit-image-accordion-actions\">\n\t\t\t\t\t\t\t\t\t\t\t\t\t\t\t\t<a data-elementor-open-lightbox=\"yes\" data-elementor-lightbox-slideshow=\"35a8a1ea\" data-elementor-lightbox-title=\"Cl\u00ednica Dra. Ang\u00e9lica Gravino\" data-e-action-hash=\"#elementor-action%3Aaction%3Dlightbox%26settings%3DeyJpZCI6MzI4MSwidXJsIjoiaHR0cHM6XC9cL2Rldi5tYmhpLmNvbS5iclwvYW5nZWxpY2FcL3dwLWNvbnRlbnRcL3VwbG9hZHNcLzIwMjVcLzA4XC9hbWJpZW50ZTMud2VicCIsInNsaWRlc2hvdyI6IjM1YThhMWVhIn0%3D\" href=\"https:\/\/dev.mbhi.com.br\/angelica\/wp-content\/uploads\/2025\/08\/ambiente3.webp\" aria-label=\"pupup-button\" class=\"icon-outline circle\">\n\t\t\t\t\t\t\t\t\t<i aria-hidden=\"true\" class=\"icon icon-plus\"><\/i>\t\t\t\t\t\t\t\t\t<\/a>\n\t\t\t\t\t\t\t\t\t\t\t\t\t\t\t\t\t\t\t\t\t<\/span>\n\t\t\t\t\t\t\t\t\t\t\t\t\t\t<span class=\"elementskit-accordion-title-wraper\">\n\t\t\t\t\t\t\t\t<span class=\"elementskit-accordion-title \">\n\t\t\t\t\t\t\t\t\n\t\t\t\t\t\t\t\t\n\t\t\t\t\t\t\t\t\t\t\t\t\t\t\t\t<\/span>\n\t\t\t\t\t\t\t<\/span>\n\t\t\t\t\t\t\t                    <\/span>\n                <\/label>\n                            <input type=\"radio\" name=\"ekit_ia_35a8a1ea\" id=\"ekit_ia_35a8a1ea_3\" class=\"elementskit-single-image-accordion--input\" checked=\"checked\" hidden>\n                <label for=\"ekit_ia_35a8a1ea_3\" class=\"elementskit-single-image-accordion ekit-image-accordion-item\" style=\"background-image: url(https:\/\/dev.mbhi.com.br\/angelica\/wp-content\/uploads\/2025\/08\/ambiente5.webp)\" data-link=\"{&quot;url&quot;:&quot;&quot;,&quot;is_external&quot;:&quot;&quot;,&quot;nofollow&quot;:&quot;&quot;,&quot;custom_attributes&quot;:&quot;&quot;}\" data-behavior=\"hover\" data-active=\"yes\">\n                    <span class=\"elementskit-accordion-content\">\n\t\t\t\t\t\t\t\t\t\t\t\t\t<span class=\"elementskit-icon-wraper ekit-image-accordion-actions\">\n\t\t\t\t\t\t\t\t\t\t\t\t\t\t\t\t<a data-elementor-open-lightbox=\"yes\" data-elementor-lightbox-slideshow=\"35a8a1ea\" data-elementor-lightbox-title=\"Cl\u00ednica Dra. Ang\u00e9lica Gravino\" data-e-action-hash=\"#elementor-action%3Aaction%3Dlightbox%26settings%3DeyJpZCI6MzI4MiwidXJsIjoiaHR0cHM6XC9cL2Rldi5tYmhpLmNvbS5iclwvYW5nZWxpY2FcL3dwLWNvbnRlbnRcL3VwbG9hZHNcLzIwMjVcLzA4XC9hbWJpZW50ZTUud2VicCIsInNsaWRlc2hvdyI6IjM1YThhMWVhIn0%3D\" href=\"https:\/\/dev.mbhi.com.br\/angelica\/wp-content\/uploads\/2025\/08\/ambiente5.webp\" aria-label=\"pupup-button\" class=\"icon-outline circle\">\n\t\t\t\t\t\t\t\t\t<i aria-hidden=\"true\" class=\"icon icon-plus\"><\/i>\t\t\t\t\t\t\t\t\t<\/a>\n\t\t\t\t\t\t\t\t\t\t\t\t\t\t\t\t\t\t\t\t\t<\/span>\n\t\t\t\t\t\t\t\t\t\t\t\t\t\t<span class=\"elementskit-accordion-title-wraper\">\n\t\t\t\t\t\t\t\t<span class=\"elementskit-accordion-title \">\n\t\t\t\t\t\t\t\t\n\t\t\t\t\t\t\t\t\n\t\t\t\t\t\t\t\t\t\t\t\t\t\t\t\t<\/span>\n\t\t\t\t\t\t\t<\/span>\n\t\t\t\t\t\t\t                    <\/span>\n                <\/label>\n                            <input type=\"radio\" name=\"ekit_ia_35a8a1ea\" id=\"ekit_ia_35a8a1ea_4\" class=\"elementskit-single-image-accordion--input\" hidden>\n                <label for=\"ekit_ia_35a8a1ea_4\" class=\"elementskit-single-image-accordion ekit-image-accordion-item\" style=\"background-image: url(https:\/\/dev.mbhi.com.br\/angelica\/wp-content\/uploads\/2025\/08\/ambiente6.webp)\" data-link=\"{&quot;url&quot;:&quot;&quot;,&quot;is_external&quot;:&quot;&quot;,&quot;nofollow&quot;:&quot;&quot;,&quot;custom_attributes&quot;:&quot;&quot;}\" data-behavior=\"hover\" data-active=\"\">\n                    <span class=\"elementskit-accordion-content\">\n\t\t\t\t\t\t\t\t\t\t\t\t\t<span class=\"elementskit-icon-wraper ekit-image-accordion-actions\">\n\t\t\t\t\t\t\t\t\t\t\t\t\t\t\t\t<a data-elementor-open-lightbox=\"yes\" data-elementor-lightbox-slideshow=\"35a8a1ea\" data-elementor-lightbox-title=\"Cl\u00ednica Dra. Ang\u00e9lica Gravino\" data-e-action-hash=\"#elementor-action%3Aaction%3Dlightbox%26settings%3DeyJpZCI6MzI4MywidXJsIjoiaHR0cHM6XC9cL2Rldi5tYmhpLmNvbS5iclwvYW5nZWxpY2FcL3dwLWNvbnRlbnRcL3VwbG9hZHNcLzIwMjVcLzA4XC9hbWJpZW50ZTYud2VicCIsInNsaWRlc2hvdyI6IjM1YThhMWVhIn0%3D\" href=\"https:\/\/dev.mbhi.com.br\/angelica\/wp-content\/uploads\/2025\/08\/ambiente6.webp\" aria-label=\"pupup-button\" class=\"icon-outline circle\">\n\t\t\t\t\t\t\t\t\t<i aria-hidden=\"true\" class=\"icon icon-plus\"><\/i>\t\t\t\t\t\t\t\t\t<\/a>\n\t\t\t\t\t\t\t\t\t\t\t\t\t\t\t\t\t\t\t\t\t<\/span>\n\t\t\t\t\t\t\t\t\t\t\t\t\t\t<span class=\"elementskit-accordion-title-wraper\">\n\t\t\t\t\t\t\t\t<span class=\"elementskit-accordion-title \">\n\t\t\t\t\t\t\t\t\n\t\t\t\t\t\t\t\t\n\t\t\t\t\t\t\t\t\t\t\t\t\t\t\t\t<\/span>\n\t\t\t\t\t\t\t<\/span>\n\t\t\t\t\t\t\t                    <\/span>\n                <\/label>\n                            <input type=\"radio\" name=\"ekit_ia_35a8a1ea\" id=\"ekit_ia_35a8a1ea_5\" class=\"elementskit-single-image-accordion--input\" hidden>\n                <label for=\"ekit_ia_35a8a1ea_5\" class=\"elementskit-single-image-accordion ekit-image-accordion-item\" style=\"background-image: url(https:\/\/dev.mbhi.com.br\/angelica\/wp-content\/uploads\/2025\/08\/ambiente7.webp)\" data-link=\"{&quot;url&quot;:&quot;&quot;,&quot;is_external&quot;:&quot;&quot;,&quot;nofollow&quot;:&quot;&quot;,&quot;custom_attributes&quot;:&quot;&quot;}\" data-behavior=\"hover\" data-active=\"\">\n                    <span class=\"elementskit-accordion-content\">\n\t\t\t\t\t\t\t\t\t\t\t\t\t<span class=\"elementskit-icon-wraper ekit-image-accordion-actions\">\n\t\t\t\t\t\t\t\t\t\t\t\t\t\t\t\t<a data-elementor-open-lightbox=\"yes\" data-elementor-lightbox-slideshow=\"35a8a1ea\" data-elementor-lightbox-title=\"Cl\u00ednica Dra. Ang\u00e9lica Gravino\" data-e-action-hash=\"#elementor-action%3Aaction%3Dlightbox%26settings%3DeyJpZCI6MzI4NCwidXJsIjoiaHR0cHM6XC9cL2Rldi5tYmhpLmNvbS5iclwvYW5nZWxpY2FcL3dwLWNvbnRlbnRcL3VwbG9hZHNcLzIwMjVcLzA4XC9hbWJpZW50ZTcud2VicCIsInNsaWRlc2hvdyI6IjM1YThhMWVhIn0%3D\" href=\"https:\/\/dev.mbhi.com.br\/angelica\/wp-content\/uploads\/2025\/08\/ambiente7.webp\" aria-label=\"pupup-button\" class=\"icon-outline circle\">\n\t\t\t\t\t\t\t\t\t<i aria-hidden=\"true\" class=\"icon icon-plus\"><\/i>\t\t\t\t\t\t\t\t\t<\/a>\n\t\t\t\t\t\t\t\t\t\t\t\t\t\t\t\t\t\t\t\t\t<\/span>\n\t\t\t\t\t\t\t\t\t\t\t\t\t\t<span class=\"elementskit-accordion-title-wraper\">\n\t\t\t\t\t\t\t\t<span class=\"elementskit-accordion-title \">\n\t\t\t\t\t\t\t\t\n\t\t\t\t\t\t\t\t\n\t\t\t\t\t\t\t\t\t\t\t\t\t\t\t\t<\/span>\n\t\t\t\t\t\t\t<\/span>\n\t\t\t\t\t\t\t                    <\/span>\n                <\/label>\n                            <input type=\"radio\" name=\"ekit_ia_35a8a1ea\" id=\"ekit_ia_35a8a1ea_6\" class=\"elementskit-single-image-accordion--input\" hidden>\n                <label for=\"ekit_ia_35a8a1ea_6\" class=\"elementskit-single-image-accordion ekit-image-accordion-item\" style=\"background-image: url(https:\/\/dev.mbhi.com.br\/angelica\/wp-content\/uploads\/2025\/08\/ambiente8.jpg)\" data-link=\"{&quot;url&quot;:&quot;&quot;,&quot;is_external&quot;:&quot;&quot;,&quot;nofollow&quot;:&quot;&quot;,&quot;custom_attributes&quot;:&quot;&quot;}\" data-behavior=\"hover\" data-active=\"\">\n                    <span class=\"elementskit-accordion-content\">\n\t\t\t\t\t\t\t\t\t\t\t\t\t<span class=\"elementskit-icon-wraper ekit-image-accordion-actions\">\n\t\t\t\t\t\t\t\t\t\t\t\t\t\t\t\t<a data-elementor-open-lightbox=\"yes\" data-elementor-lightbox-slideshow=\"35a8a1ea\" data-elementor-lightbox-title=\"Cl\u00ednica Dra. Ang\u00e9lica Gravino\" data-e-action-hash=\"#elementor-action%3Aaction%3Dlightbox%26settings%3DeyJpZCI6MzI4NSwidXJsIjoiaHR0cHM6XC9cL2Rldi5tYmhpLmNvbS5iclwvYW5nZWxpY2FcL3dwLWNvbnRlbnRcL3VwbG9hZHNcLzIwMjVcLzA4XC9hbWJpZW50ZTguanBnIiwic2xpZGVzaG93IjoiMzVhOGExZWEifQ%3D%3D\" href=\"https:\/\/dev.mbhi.com.br\/angelica\/wp-content\/uploads\/2025\/08\/ambiente8.jpg\" aria-label=\"pupup-button\" class=\"icon-outline circle\">\n\t\t\t\t\t\t\t\t\t<i aria-hidden=\"true\" class=\"icon icon-plus\"><\/i>\t\t\t\t\t\t\t\t\t<\/a>\n\t\t\t\t\t\t\t\t\t\t\t\t\t\t\t\t\t\t\t\t\t<\/span>\n\t\t\t\t\t\t\t\t\t\t\t\t\t\t<span class=\"elementskit-accordion-title-wraper\">\n\t\t\t\t\t\t\t\t<span class=\"elementskit-accordion-title \">\n\t\t\t\t\t\t\t\t\n\t\t\t\t\t\t\t\t\n\t\t\t\t\t\t\t\t\t\t\t\t\t\t\t\t<\/span>\n\t\t\t\t\t\t\t<\/span>\n\t\t\t\t\t\t\t                    <\/span>\n                <\/label>\n                    <\/div>\n    <\/div>\t\t\t\t<\/div>\n\t\t\t\t<\/div>\n\t\t\t\t<div class=\"elementor-element elementor-element-9366b2a elementor-mobile-align-center elementor-align-justify elementor-widget__width-initial elementor-widget-mobile__width-inherit elementor-widget elementor-widget-button\" data-id=\"9366b2a\" data-element_type=\"widget\" data-e-type=\"widget\" data-settings=\"{&quot;ekit_we_effect_on&quot;:&quot;none&quot;}\" data-widget_type=\"button.default\">\n\t\t\t\t\t\t\t\t\t\t<a class=\"elementor-button elementor-button-link elementor-size-sm\" href=\"https:\/\/dev.mbhi.com.br\/angelica\/sobre-a-dra-angelica-gravino\/\">\n\t\t\t\t\t\t<span class=\"elementor-button-content-wrapper\">\n\t\t\t\t\t\t\t\t\t<span class=\"elementor-button-text\">CONHE\u00c7A A Dra. Ang\u00e9lica Gravino<\/span>\n\t\t\t\t\t<\/span>\n\t\t\t\t\t<\/a>\n\t\t\t\t\t\t\t\t<\/div>\n\t\t\t\t\t<\/div>\n\t\t\t\t<\/div>\n\t\t\t\t\t<\/div>\n\t\t\t\t<\/div>\n\t\t\t\t<\/div>\n\t\t","protected":false},"excerpt":{"rendered":"<p>A cl\u00ednica Transformamos sonhos em realidade Sobre a cl\u00ednica Na Cl\u00ednica Dra. Ang\u00e9lica Gravino transformamos sonhos em realidade com um olhar humano e especializado. Somos um espa\u00e7o dedicado \u00e0 arte da cirurgia pl\u00e1stica, onde a beleza encontra a sa\u00fade em um ambiente acolhedor e sofisticado. Fazemos quest\u00e3o de transformar a jornada da realiza\u00e7\u00e3o doo seu [&hellip;]<\/p>\n","protected":false},"author":1,"featured_media":0,"parent":0,"menu_order":0,"comment_status":"closed","ping_status":"closed","template":"","meta":{"pagelayer_contact_templates":[],"_pagelayer_content":"","footnotes":""},"class_list":["post-3268","page","type-page","status-publish","hentry"],"_links":{"self":[{"href":"https:\/\/dev.mbhi.com.br\/angelica\/wp-json\/wp\/v2\/pages\/3268","targetHints":{"allow":["GET"]}}],"collection":[{"href":"https:\/\/dev.mbhi.com.br\/angelica\/wp-json\/wp\/v2\/pages"}],"about":[{"href":"https:\/\/dev.mbhi.com.br\/angelica\/wp-json\/wp\/v2\/types\/page"}],"author":[{"embeddable":true,"href":"https:\/\/dev.mbhi.com.br\/angelica\/wp-json\/wp\/v2\/users\/1"}],"replies":[{"embeddable":true,"href":"https:\/\/dev.mbhi.com.br\/angelica\/wp-json\/wp\/v2\/comments?post=3268"}],"version-history":[{"count":73,"href":"https:\/\/dev.mbhi.com.br\/angelica\/wp-json\/wp\/v2\/pages\/3268\/revisions"}],"predecessor-version":[{"id":5306,"href":"https:\/\/dev.mbhi.com.br\/angelica\/wp-json\/wp\/v2\/pages\/3268\/revisions\/5306"}],"wp:attachment":[{"href":"https:\/\/dev.mbhi.com.br\/angelica\/wp-json\/wp\/v2\/media?parent=3268"}],"curies":[{"name":"wp","href":"https:\/\/api.w.org\/{rel}","templated":true}]}}